Let i(q) = q**3 - 24*q**2 - 58*q + 72. Calculate i(26).
-84
Let r(f) = 9*f**2 - 162*f + 26. Give r(16).
-262
Let p(m) = 3*m**2 - 106*m + 50. Give p(29).
-501
Let h(q) = -q**2 + 25*q + 411. Give h(-12).
-33
Let k(j) = -3*j**2 + 81*j - 336. Give k(22).
-6
Let j(h) = -2*h**2 - 6*h - 114. What is j(-7)?
-170
Let m(l) = 28*l - 445. Give m(37).
591
Let v(q) = -2*q**2 - 15*q + 466. Give v(17).
-367
Let f(g) = -3*g**2 - 21*g + 85. Give f(4).
-47
Let m(l) = 78*l - 3671. Calculate m(47).
-5
Let p(a) = -a**3 - 84*a**2 - 1764*a - 402. What is p(-45)?
3
Let g(c) = -29*c - 399. Give g(-14).
7
Let b(a) = a**3 - 13*a**2 + 11*a - 55. Give b(11).
-176
Let a(o) = 25*o + 1400. Calculate a(-40).
400
Let x(f) = -f**3 + 38*f**2 + 111*f - 69. Determine x(41).
-561
Let x(f) = 515*f + 6165. Calculate x(-12).
-15
Let o(p) = p**2 - 3*p - 391. Determine o(-18).
-13
Let d(p) = -111*p + 150. What is d(1)?
39
Let b(r) = 10*r**3 - 148*r**2 - 32*r + 9. Calculate b(15).
-21
Let g(l) = l**2 + l - 230. Give g(15).
10
Let u(o) = -o**2 + 12*o + 37. Give u(17).
-48
Let q(r) = -r**3 + 5*r**2 - 5*r + 38. What is q(6)?
-28
Let l(p) = -p**2 - 32*p + 26. Give l(-23).
233
Let v(n) = n**3 + 20*n**2 - 48*n + 6. Calculate v(2).
-2
Let h(s) = s**3 - 17*s**2 + 45*s + 191. Calculate h(12).
11
Let u(x) = 2*x**3 + 62*x**2 - 62*x + 62. Give u(-32).
-2
Let v(l) = -l**3 - 12*l**2 + 33*l + 3. Calculate v(3).
-33
Let v(o) = -o**3 - 6*o**2 + 13*o + 33. Calculate v(-7).
-9
Let l(i) = i**2 + 309*i - 5521. Calculate l(17).
21
Let z(s) = -14*s - 57. What is z(-1)?
-43
Let z(k) = 378*k + 7985. Calculate z(-21).
47
Let x(p) = -131*p + 6652. Determine x(51).
-29
Let i(b) = -b**2 + 201*b - 4884. What is i(173)?
-40
Let v(n) = 2*n + 161. What is v(-21)?
119
Let d(f) = -15*f + 93. What is d(1)?
78
Let n(r) = r**3 - 32*r**2 - 9*r - 792. Give n(33).
0
Let x(u) = 719*u - 179025. What is x(249)?
6
Let o(i) = 2*i**2 - 86*i + 732. What is o(14)?
-80
Let g(u) = -2*u**3 + 20*u**2 + 28*u - 62. Give g(11).
4
Let l(o) = -o**2 - 26*o + 126. Determine l(-28).
70
Let v(a) = 31*a**2 - 3698*a - 3698. Calculate v(-1).
31
Let g(j) = -j**3 - 51*j**2 + 1155*j - 69. Determine g(-68).
-1
Let d(o) = -104*o - 610. What is d(-6)?
14
Let h(z) = -z**2 + 24*z - 85. Calculate h(17).
34
Let j(d) = -29*d**2 - 115*d - 8. Calculate j(-4).
-12
Let w(v) = v**3 + 27*v**2 - 14*v - 122. Calculate w(-28).
-514
Let w(k) = 219*k + 130. Give w(-1).
-89
Let g(t) = 4*t**2 - 61*t + 28. Give g(15).
13
Let i(z) = -1019*z - 7082. Calculate i(-7).
51
Let x(q) = -8661*q - 95269. Calculate x(-11).
2
Let b(f) = -1594*f - 196049. Calculate b(-123).
13
Let y(n) = -426*n + 4140. Give y(9).
306
Let x(n) = 57*n + 5021. Give x(-89).
-52
Let z(x) = -x**2 + 313*x - 19658. Calculate z(87).
4
Let u(b) = -59*b + 2321. Give u(36).
197
Let n(c) = 32*c - 150. Determine n(12).
234
Let f(u) = -6*u**2 - 3*u + 40. Give f(6).
-194
Let c(s) = -517*s**3 - 4*s**2 + 9*s - 7. Determine c(1).
-519
Let s(u) = -u**3 - 8*u**2 + 23*u + 34. Give s(-10).
4
Let j(w) = w**2 - 21*w + 70. What is j(22)?
92
Let l(f) = 3*f**2 - 178*f + 50. Determine l(59).
-9
Let f(s) = -122*s - 22. Calculate f(-2).
222
Let r(w) = 20*w**3 + 8*w**2 + 16*w + 9. Calculate r(-1).
-19
Let v(m) = -m**3 - 52*m**2 + 108*m + 218. What is v(-54)?
218
Let g(x) = -76*x - 3494. Calculate g(-46).
2
Let s(x) = 2568*x - 41076. What is s(16)?
12
Let w(b) = 5*b**3 - 438*b**2 + 262*b - 85. Determine w(87).
2
Let j(c) = 6*c**2 - 114*c - 35. Calculate j(19).
-35
Let m(i) = 1349*i - 20228. Determine m(15).
7
Let r(o) = -o**2 + 18*o - 203. What is r(13)?
-138
Let m(k) = 141*k + 38. Determine m(-1).
-103
Let d(a) = 15*a**3 + 9*a**2 - a - 6. Give d(-2).
-88
Let a(j) = 2*j**3 - 30*j**2 + j + 3. What is a(15)?
18
Let f(i) = i**3 + 43*i**2 - 27*i - 143. Give f(-44).
-891
Let k(l) = 2*l**3 - 67*l**2 + 34*l - 47. Calculate k(33).
-14
Let i(k) = -k**2 - 113*k + 122. Give i(-114).
8
Let r(z) = -27*z**2 + 60*z - 106. Determine r(2).
-94
Let b(h) = h**2 - 10. Determine b(3).
-1
Let y(j) = -35*j - 62. Give y(0).
-62
Let r(o) = 13*o**2 + 245*o - 16. What is r(-19)?
22
Let k(u) = 172*u + 2871. Calculate k(-17).
-53
Let n(v) = 24*v**2 - 46*v - 1149. Calculate n(-6).
-9
Let r(w) = -5*w**3 - 19*w**2 + 14*w + 25. Calculate r(-4).
-15
Let c(f) = -155*f + 1040. Give c(7).
-45
Let f(s) = -5*s + 300. Determine f(48).
60
Let c(d) = -d**2 - 46*d + 440. Give c(-45).
485
Let l(d) = 2*d**2 + 3*d - 43. Calculate l(-8).
61
Let y(i) = i**2 - 43*i - 221. Give y(47).
-33
Let i(v) = -25*v + 215. What is i(9)?
-10
Let m(j) = j**2 + 5283*j + 15845. Determine m(-3).
5
Let t(n) = -164*n + 278. Determine t(2).
-50
Let m(z) = -2*z**3 + 10*z**2 - 17*z + 30. Calculate m(4).
-6
Let a(g) = -g**2 - 7*g - 25. Determine a(0).
-25
Let n(p) = -p**2 + 61*p + 1571. Calculate n(81).
-49
Let x(t) = -260*t - 1588. What is x(-6)?
-28
Let x(n) = -2*n**3 + 173*n**2 - 256*n + 77. Calculate x(85).
-8
Let t(m) = -42*m - 59. Calculate t(-6).
193
Let g(k) = 4*k**2 - 172*k - 155. Determine g(44).
21
Let x(w) = w**3 - 28*w**2 + 59*w - 187. What is x(26)?
-5
Let z(t) = -2*t**3 - 19*t**2 - 29*t - 2. Determine z(-8).
38
Let m(h) = h**2 - 196*h + 1701. What is m(9)?
18
Let x(k) = -161*k + 156. What is x(1)?
-5
Let b(v) = -v**2 - 14*v + 482. Calculate b(17).
-45
Let v(c) = c**3 + 70*c**2 + 5*c + 402. Calculate v(-70).
52
Let c(r) = 3*r**3 + 392*r**2 - r - 1. Give c(0).
-1
Let v(j) = -2*j**3 + 29*j**2 - 6*j - 651. Determine v(12).
-3
Let j(o) = 4*o**2 - 43*o + 14. Give j(13).
131
Let d(s) = 17*s - 1184. Give d(68).
-28
Let l(p) = -p**2 + 197*p + 360. Determine l(199).
-38
Let i(b) = 31*b + 86. What is i(-3)?
-7
Let g(z) = z**3 + 102*z**2 - 191*z + 1642. What is g(-104)?
-126
Let z(i) = -144*i - 1871. Give z(-13).
1
Let o(i) = 5*i**3 - 10*i**2 + i + 5. What is o(-4)?
-479
Let x(j) = -3*j**2 - 169*j + 815. Calculate x(-61).
-39
Let m(f) = -26*f + 2239. What is m(86)?
3
Let g(u) = u**3 - 26*u**2 + 45*u + 22. Calculate g(24).
-50
Let s(q) = 2*q**2 + 57*q - 245. Calculate s(4).
15
Let w(d) = -d**3 - 34*d**2 - d - 43. Give w(0).
-43
Let a(s) = s**3 + 24*s**2 + 72*s - 114. Determine a(-20).
46
Let a(t) = 7*t**3 - 50*t**2 + 7*t. Determine a(7).
0
Let y(w) = -w**3 - 2*w**2 + 52*w - 9. Determine y(-8).
-41
Let p(h) = h**2 - 7*h - 8. Give p(9).
10
Let d(v) = 3*v**2 - 6*v - 78. Give d(7).
27
Let y(f) = 37*f + 960. Calculate y(-43).
-631
Let r(z) = 2*z**2 - 141*z + 81. Calculate r(68).
-259
Let z(c) = -557*c. Give z(0).
0
Let l(z) = 18*z**2 - 42*z - 182. What is l(-4)?
274
Let t(u) = 534*u + 2685. Determine t(-5).
15
Let b(s) = -s**2 + 19*s + 221. What is b(25)?
71
Let f(m) = -40*m + 113. What is f(3)?
-7
Let z(x) = -x**3 + 76*x**2 - 6*x + 12. Give z(76).
-444
Let o(x) = x**2 - 10*x - 225. Give o(20).
-25
Let y(k) = -15*k**3 + 422*k**2 - 58*k + 57. Give y(28).
1
Let f(j) = -5*j + 38. Give f(12).
-22
Let s(f) = -236*f + 1408. What is s(6)?
-8
Let a(p) = -p**2 - 27*p - 44. Determine a(-22).
66
Let n(s) = 17*s + 224. What is n(-20)?
-116
Let x(l) = 2*l**3 + 22*l**2 + 50*l + 1. Determine x(-3).
-5
Let g(p) = -57*p - 802. Give g(-15).
53
Let x(a) = -98*a + 18. Give x(-3).
312
Let w(f) = -f**3 + 2*f + 30. What is w(7)?
-299
Let o(z) = -147*z + 24. Calculate o(2).
-270
Let w(x) = 31*x**3 + 3*x**2 - 7*x + 6. Give w(1).
33
Let t(i) = -2*i**3 + 143*i**2 + 226*i - 519. What is t(73)?
-8
Let p(s) = 5*s**2 + 72*s - 516. Calculate p(-22).
320
Let c(h) = h**2 - 8*h - 105. Calculate c(-7).
0
Let x(v) = v**3 + 46*v**2 + 528*v + 216. What is x(-26)?
8
Let z(h) = -131*h - 3123. Give z(-24).
21
Let n(l) = -3*l**3 - 17*l**2 + 3*l + 86. Determine n(-8).
510
Let w(v) = -2*v**3 - 16*v**2 - 42*v - 13. Give w(-4).
27
Let p(z) = -5*z**2 + 145*z + 844. Calculate p(-5).
-6
Let f(d) = -d**3 - 35*d**2 + 103*d - 96. Give f(-38).
322
Let m(q) = -8*q**3 - 46*q**2 - 4. Calculate m(-5).
-154
Let f(v) = 1236*v - 7412. Determine f(6).
4
Let c(g) = 2*g**2 - 7*g - 85. Determine c(0).
-85
Let v(o) = o**3 - 4*o**2 - 50*o + 167. Give v(8).
23
Let v(s) = s**3 + 16*s**2 + 31*s + 238. What is v(-15)?
-2
Let a(w) = -2*w**2 + 15*w + 5. Give a(8).
-3
Let q(y) = -y**3 + 30*y**2 - 30*y + 38. What is q(29)?
9
Let i(z) = 8*z**2 - 69*z + 9. Determine i(8).
-31
Let n(d) = 3*d**2 + d - 2. Give n(2).
12
Let f(d) = d**3 - 20*d**2 - 72*d + 56. Calculate f(23).
-13
Let m(a